{"id":654,"date":"2019-05-11T13:08:04","date_gmt":"2019-05-11T11:08:04","guid":{"rendered":"http:\/\/avaseats.com\/wordpress\/?page_id=654"},"modified":"2023-07-14T10:06:23","modified_gmt":"2023-07-14T08:06:23","slug":"wybrane-realizacje","status":"publish","type":"page","link":"https:\/\/www.avaseats.com\/index.php\/wybrane-realizacje\/","title":{"rendered":"Wybrane realizacje"},"content":{"rendered":"<h3 style=\"text-align: left;\"><span style=\"color: #333333;\"><em>2023 rok:<\/em><\/span><\/h3>\n<p>&#8211; Dzier\u017coni\u00f3w &#8211; modernizacja stadionu miejskiego w zakresie monta\u017cu siedzisk (2.354 szt.)<br \/>\n&#8211; Cieszyn &#8211; modernizacja stadionu miejskiego w zakresie monta\u017cu trybun zadaszonych 3&#215;246 miejsc, wiat zawodniczych<br \/>\n&#8211; Kleszcz\u00f3w &#8211; wykonanie i monta\u017c trybun zadaszonych 2&#215;126 miejsc, wiat zawodniczych<br \/>\n&#8211; Kamionka &#8211; wykonanie i monta\u017c trybun zadaszonych 2&#215;201 miejsc, wiat zawodniczych<br \/>\n&#8211; Konin &#8211; modernizacja stadionu miejskiego w zakresie monta\u017cu trybun na 925 miejsc, wiat zawodniczych<br \/>\n&#8211; Chrzan\u00f3w &#8211; wykonanie i monta\u017c infrastruktury stadionu miejskiego (trybuny zewn\u0119trzne, siedziska, wiaty, barierki stalowe)<br \/>\n&#8211; Poniatowa &#8211; wykonanie i monta\u017c trybun zewn\u0119trznych 5&#215;88 miejsc, wiat zawodniczych<\/p>\n<h3 style=\"text-align: left;\"><span style=\"color: #333333;\"><em>2022 rok:<\/em><\/span><\/h3>\n<p><span style=\"color: #333333;\"><em>&#8211;<\/em> Krotoszyn &#8211; wykonanie wiat rowerowych na terenie Gminy<br \/>\n&#8211; Bledzew &#8211; wykonanie i monta\u017c trybun zewn\u0119trznych i wiat zawodniczych<br \/>\n&#8211; Gi\u017cycko &#8211; wykonanie wiat \u015bmietnikowych<br \/>\n&#8211; Ricany (Czechy) &#8211; wykonanie i monta\u017c trybuny zadaszonej i wiat zawodniczych<br \/>\n&#8211; Niemce &#8211; wykonanie i monta\u017c trybun zadaszonych 2&#215;100 miejsc<br \/>\n&#8211; Lasowice Wielkie &#8211; dostawa i monta\u017c wiaty stalowej<br \/>\n&#8211; Pie\u0144sk &#8211; wykonanie i monta\u017c trybun zadaszonych 2&#215;261 miejsc, wiat zawodniczych i s\u0119dziowskich<br \/>\n&#8211; Grudzi\u0105dz &#8211; wykonanie i monta\u017c wiaty stalowej<br \/>\n&#8211; Katowice &#8211; wykonanie i monta\u017c trybun zewn\u0119trznych, wiat zawodniczych i rowerowych<br \/>\n&#8211; Ostr\u00f3w Wielkopolski &#8211; wykonanie i monta\u017c trybun zadaszonych na 564 miejsca na stadionie<br \/>\n&#8211; I\u0142owo &#8211; Osada &#8211; wykonanie i monta\u017c trybun zadaszonych na 303 miejsc oraz niezadaszonych 2&#215;102 miejsca<br \/>\n&#8211; \u017bmigr\u00f3d &#8211; wykonanie i monta\u017c trybun zewn\u0119trznych na 550 miejsc<br \/>\n&#8211; Bytca (S\u0142owacja) &#8211; wykonanie i monta\u017c trybun zewn\u0119trznych 2&#215;266 miejsc<br \/>\n&#8211; Rzesz\u00f3w stadion &#8222;Korona&#8221; &#8211; wykonanie i monta\u017c trybun na 680 miejsc, wiat zawodniczych<br \/>\n&#8211; Nowy \u017bmigr\u00f3d &#8211; wykonanie trybun zewn\u0119trznych wraz z fundamentami<br \/>\n&#8211; Golina &#8211; przebudowa stadionu wraz z wykonaniem infrastruktury sportowej (trybuny, wiaty, stanowisko komentatorskie)<br \/>\n&#8211; Rawa Mazowiecka &#8211; wykonanie i monta\u017c trybun zadaszonych 2&#215;104 miejsca<\/span><\/p>\n<h3 style=\"text-align: left;\"><span style=\"color: #333333;\"><em>2021 rok:<\/em><\/span><\/h3>\n<p style=\"text-align: left;\"><span style=\"color: #333333;\"><em>&#8211;<\/em> Bytom &#8211; modernizacja hali lodowiska, wykonanie i monta\u017c siedzisk plastikowych &#8211; 1.200 szt.<br \/>\n&#8211; Czemierniki &#8211; wykonanie i monta\u017c trybun zadaszonych 2&#215;102 miejsca i wiat zawodniczych<br \/>\n&#8211; G\u0142owacz\u00f3w &#8211; wykonanie i monta\u017c trybuny zadaszonej na 134 miejsca<br \/>\n&#8211; Nyiregyhaza [W\u0119gry] &#8211; modernizacja hali sportowej w zakresie dostawy siedzisk plastikowych, sk\u0142adanych &#8211; 1.100 szt.<br \/>\n&#8211; Wroc\u0142aw &#8211; wykonanie i monta\u017c wiat rowerowych na terenie miasta<br \/>\n&#8211; Poltar [S\u0142owacja] &#8211; wykonanie i monta\u017c trybuny teleskopowej wraz z siedziskami audytoryjnymi<br \/>\n&#8211; Bytca [S\u0142owacja] &#8211; wykonanie i monta\u017c trybuny zewn\u0119trznej na 370 miejsc<br \/>\n&#8211; Niepo\u0142omice &#8211; wykonanie i monta\u017c trybun zewn\u0119trznych oraz wiat zawodniczych<br \/>\n&#8211; Tczew &#8211; wykonanie i monta\u017c trybun zadaszonych 2&#215;246 miejsc na stadionie miejskim<br \/>\n<\/span><span style=\"color: #333333;\">&#8211; Krosno &#8211; wykonanie i monta\u017c trybuny zewn\u0119trznej na 276 miejsc na miejskim stadionie \u017cu\u017clowym<br \/>\n&#8211; Brze\u015b\u0107 Kujawski &#8211; wykonanie i monta\u017c pergoli na terenie rekreacyjno- sportowym<br \/>\n&#8211; Racib\u00f3rz &#8211; wykonanie zadaszenia trybuny na stadionie w Ocicach<br \/>\n&#8211; Teodorowo &#8211; wykonanie trybun zewn\u0119trznych na 300 miejsc oraz wiat zawodniczych<br \/>\n&#8211; Ryglice &#8211; wykonanie i monta\u017c trybuny zewn\u0119trznej wraz z fundamentami<br \/>\n&#8211; Pruchnik &#8211; wykonanie zadaszenia trybuny \u017celbetowej<br \/>\n&#8211; Nowy Tomy\u015bl&nbsp; &#8211; wykonanie wiaty stalowej<br \/>\n&#8211; Stargard &#8211; wykonanie i monta\u017c trybun zewn\u0119trznych na 500 miejsc<br \/>\n&#8211; Gniewkowo &#8211; wykonanie konstrukcji stalowej zadaszenie trybuny<br \/>\n&#8211; Lipnica Dolna &#8211; wykonanie i monta\u017c trybuny zadaszonej na 249 miejsc<\/span><\/p>\n<h3 style=\"text-align: left;\"><span style=\"color: #333333;\"><em>2020 rok:<\/em><\/span><\/h3>\n<p><span style=\"color: #333333;\">&#8211; Wroc\u0142aw &#8211; modernizacja stadionu \u015al\u0119zy, dostawa i monta\u017c trybun zewn. na 800 miejsc oraz wiat zawodniczych<br \/>\n&#8211; Pozba (S\u0142owacja) &#8211; dostawa i monta\u017c trybuny zewn\u0119trznej na 166 miejsc<br \/>\n&#8211; W\u00f3lka Pe\u0142ki\u0144ska &#8211; dostawa siedzisk plastikowych, sk\u0142adanych, typ &#8222;VIP&#8221;<br \/>\n&#8211; Liptovska Osada (S\u0142owacja) &#8211; dostawa i monta\u017c trybuny teleskopowej na 184 miejsca z siedziskami audytoryjnymi &#8222;MICRA&#8221;<br \/>\n&#8211; Rycz\u00f3w &#8211; budowa trybuny zadaszonej na 201 miejsc oraz trybun nie zadaszonych 2&#215;102 miejsca na stadionie &#8222;Orze\u0142&#8221; Rycz\u00f3w&nbsp;<br \/>\n&#8211; Praga (Czechy) &#8211; dostawa i monta\u017c siedzisk kube\u0142kowych na konstrukcji stalowej<br \/>\n&#8211; Karlove Vary (Czechy) &#8211; dostawa i monta\u017c trybuny zadaszonej na 84 miejsca<br \/>\n&#8211; S\u0142upsk &#8211; dostawa i monta\u017c wiat rowerowych<br \/>\n&#8211; Drezdenko &#8211; dostawa i monta\u017c wiaty rowerowej<br \/>\n&#8211; Bia\u0142acz\u00f3w &#8211; dostawa i monta\u017c trybun zewn\u0119trznych<br \/>\n&#8211; Tisnov (Czechy) &#8211; dostawa i monta\u017c trybuny zewn\u0119trznej<br \/>\n&#8211; Ole\u015bniki &#8211; dostawa i monta\u017c trybun zadaszonych 2&#215;51 miejsc, wiat zawodniczych<br \/>\n&#8211; Ma\u0142a Ida (S\u0142owacja) &#8211; dostawa i monta\u017c trybuny zadaszonej na 64 miejsca<br \/>\n&#8211; Miasteczko \u015al\u0105skie &#8211; budowa trybuny zewn\u0119trznej na 232 miejsca<br \/>\n&#8211; Sierakowice &#8211; dostawa i monta\u017c trybun zewn\u0119trznych 270 miejsc, wiat zawodniczych<br \/>\n&#8211; Ustronie Morskie &#8211; dostawa i monta\u017c wiat przystankowych<br \/>\n&#8211; G\u0142owacz\u00f3w &#8211; dostawa i monta\u017c trybuny zadaszonej na 134 miejsca<br \/>\n&#8211; Warszawa &#8211; dostawa i monta\u017c wiat rowerowych (3 kpl.)<br \/>\n&#8211; Huta Mi\u0144ska &#8211; wykonanie kostki brukowej oraz wiaty rowerowej<\/span><\/p>\n<h3 style=\"text-align: left;\"><span style=\"color: #333333;\"><em>2019 rok:<\/em><\/span><\/h3>\n<p style=\"text-align: left;\"><span style=\"color: #333333;\">&#8211; Jezierzyce &#8211; modernizacja trybun stadionu (konstrukcji zadaszenia), dostawa i monta\u017c wyposa\u017cenia sportowego<\/span><br \/>\n<span style=\"color: #333333;\">&#8211; \u015amigiel \u2013 dostawa i monta\u017c trybun zewn\u0119trznych na 240 miejsc<\/span><br \/>\n<span style=\"color: #333333;\">&#8211; Byt\u00f3w \u2013 dostawa i monta\u017c trybun zewn\u0119trznych na 312 miejsc<\/span><br \/>\n<span style=\"color: #333333;\">&#8211; Krak\u00f3w \u2013 stadion Pr\u0105dniczanki, dostawa i monta\u017c trybun zewn\u0119trznych na 673 miejsca, wiat zawodniczych, siedzisk plastikowych i VIP<br \/>\n&#8211; Perstejn (Czechy) &#8211; dostawa i monta\u017c trybuny zadaszonej i wiat zawodniczych<br \/>\n&#8211; Libi\u015b (Czechy) &#8211; dostawa i monta\u017c trybuny zadaszonej<br \/>\n&#8211; Teatr im. C. K. Norwida w Jeleniej G\u00f3rze &#8211; dostawa i monta\u017c 490 szt. foteli teatralnych<br \/>\n&#8211; Rybnik &#8211; dostawa i monta\u017c wiaty rowerowej dla Oddzia\u0142u ZUS w Tychach<br \/>\n&#8211; Siewierz &#8211; dostawa i monta\u017c wiat przystankowych<br \/>\n&#8211; Bytom &#8211; dostawa i monta\u017c trybun zewn\u0119trznych<br \/>\n&#8211; Gli\u0144sk &#8211; dostawa i monta\u017c wyposa\u017cenia boiska sportowego (trybuny zewn., bramki do pi\u0142ki no\u017cnej, pi\u0142kochwyty, wiaty)<br \/>\n&#8211; G\u0142og\u00f3w Ma\u0142opolski &#8211; dostawa i monta\u017c wiat rowerowych<br \/>\n&#8211; Gowarcz\u00f3w &#8211; dostawa i monta\u017c wyposa\u017cenia boiska sportowego (trybuny zewn., bramki do pi\u0142ki no\u017cnej, pi\u0142kochwyty, wiaty)<br \/>\n&#8211; Kobierzyce &#8211; dostawa i monta\u017c trybuny zewn. (2&#215;200 miejsc) i wiat zawodniczych<br \/>\n&#8211; W\u00f3lka Pe\u0142ki\u0144ska &#8211; przebudowa trybuny wraz z zadaszeniem, monta\u017c siedzisk plastikowych (360 szt.)<br \/>\n&#8211; Biskupiec &#8211; dostawa i monta\u017c trybuny zewn. z zadaszeniem na 200 miejsc, wiat zawodniczych<br \/>\n&#8211; Stanica &#8211; dostawa i monta\u017c wyposa\u017cenia boiska sportowego&nbsp;<br \/>\n&#8211; Nadarzyn &#8211; dostawa i monta\u017c wiaty rowerowej<br \/>\n&#8211; Pozna\u0144 &#8211; stadion Polonii, dostawa i monta\u017c trybun sportowych na 512 miejsc oraz wiat zawodniczych<br \/>\n&#8211; Celestyn\u00f3w &#8211; dostawa i monta\u017c trybuny zadaszonej na 124 miejsca<br \/>\n&#8211; Pniewy &#8211; dostawa i monta\u017c wiat przystankowych<br \/>\n&#8211; J\u00f3zef\u00f3w &#8211; dostawa i monta\u017c wiaty rowerowej<br \/>\n&#8211; Jastrz\u0119bia &#8211; dostawa i monta\u017c trybuny zadaszonej na 109 miejsc<br \/>\n&#8211; Rusin\u00f3w &#8211; dostawa i monta\u017c trybun zewn. oraz wiat zawodniczych<br \/>\n&#8211; Olszanka &#8211; dostawa i monta\u017c trybun zewn. oraz wiat zawodniczych<br \/>\n&#8211; Wieliszew &#8211; dostawa i monta\u017c wiat przystankowych<\/span><\/p>\n<h3 style=\"text-align: left;\"><span style=\"color: #333333;\"><em>2018 rok:<\/em><\/span><\/h3>\n<p style=\"text-align: left;\"><span style=\"color: #333333;\">&#8211; Klucze \u2013 dostawa i monta\u017c trybuny zadaszonej na 160 miejsc<\/span><br \/>\n<span style=\"color: #333333;\">&#8211; Kalety \u2013 dostawa i monta\u017c trybuny teleskopowej dla Domu Kultury<\/span><br \/>\n<span style=\"color: #333333;\">&#8211; Nowe Miasto Lubawskie &#8211; dostawa i monta\u017c trybun zadaszonych na 784 miejsca<\/span><br \/>\n<span style=\"color: #333333;\">&#8211; Tarn\u00f3w \u2013 modernizacji trybun hali sportowej, wymiana siedzisk plastikowych (916 sztuk)<\/span><br \/>\n<span style=\"color: #333333;\">&#8211; Mi\u0119dzyrzecz \u2013 dostawa i monta\u017c trybun zewn\u0119trznych na 341 miejsc<\/span><br \/>\n<span style=\"color: #333333;\">&#8211; Chyne (Czechy) \u2013 dostawa i monta\u017c trybun teleskopowych na 348 miejsc<\/span><br \/>\n<span style=\"color: #333333;\">&#8211; Sofia (Bu\u0142garia) \u2013 dostawa i monta\u017c trybuny teleskopowej wraz z siedziskami kinowymi na 338 miejsc<\/span><\/p>\n<h3 style=\"text-align: left;\"><span style=\"color: #333333;\"><em>2017 rok:<\/em><\/span><\/h3>\n<p style=\"text-align: left;\"><span style=\"color: #333333;\">&#8211; Ustro\u0144 \u2013 dostawa i monta\u017c trybuny zewn\u0119trznej na 662 miejsca<\/span><br \/>\n<span style=\"color: #333333;\">&#8211; Chud\u00f3w \u2013 dostawa i monta\u017c trybuny zadaszonej na 248 miejsc, wiat zawodniczych<\/span><br \/>\n<span style=\"color: #333333;\">&#8211; Rybnik \u2013 dostawa i monta\u017c trybuny zadaszonej na 576 miejsc<\/span><br \/>\n<span style=\"color: #333333;\">&#8211; Gornji Milanovac (Serbia) \u2013 dostawa i monta\u017c trybuny zewn\u0119trznej na 304 miejsca<\/span><br \/>\n<span style=\"color: #333333;\">&#8211; Ziar nad Hronom (S\u0142owacja) \u2013 dostawa i monta\u017c foteli kinowych<\/span><br \/>\n<span style=\"color: #333333;\">&#8211; Sofia (Bu\u0142garia) &#8211; dostawa i monta\u017c trybun teleskopowych na 684 miejsc<\/span><br \/>\n<span style=\"color: #333333;\">&#8211; Prostejov (Czechy) \u2013 dostawa i monta\u017c trybun teleskopowych na 594 miejsc<\/span><br \/>\n<span style=\"color: #333333;\">&#8211; Cluj- Napoca (Rumunia) \u2013 dostawa i monta\u017c trybun stacjonarnych do Hali Widowiskowo- Sportowej<\/span><br \/>\n<span style=\"color: #333333;\">&#8211; \u0141\u00f3d\u017a Stadion \u201e\u0141KS\u201d \u2013 dostawa i monta\u017c siedzisk sk\u0142adanych (5.000 szt.)<\/span><br \/>\n<span style=\"color: #333333;\">&#8211; Gliwice Hala Widowiskowo- Sportowa \u201ePODIUM\u201d \u2013 dostawa i monta\u017c trybun teleskopowych<\/span><br \/>\n<span style=\"color: #333333;\">&#8211; Plovdiv (Bu\u0142garia) \u2013 dostawa i monta\u017c trybun teleskopowych, wyposa\u017cenia sportowego<\/span><\/p>\n<h3 style=\"text-align: left;\"><span style=\"color: #333333;\"><em>2016 rok:<\/em><\/span><\/h3>\n<p style=\"text-align: left;\"><span style=\"color: #333333;\">&#8211; Marchtrenk (Austria) \u2013 dostawa siedzisk plastikowych, sk\u0142adanych (331 sztuk)<\/span><br \/>\n<span style=\"color: #333333;\">&#8211; Mosonmagyarovar (W\u0119gry) &#8211; dostawa siedzisk plastikowych, sk\u0142adanych (738 sztuk)<\/span><br \/>\n<span style=\"color: #333333;\">&#8211; Busko-Zdr\u00f3j \u2013 dostawa i monta\u017c trybun zewn\u0119trznych na 272 miejsca<\/span><br \/>\n<span style=\"color: #333333;\">&#8211; Warszawa \u2013 dostawa i monta\u017c trybun zewn\u0119trznych i wiat zawodniczych<\/span><br \/>\n<span style=\"color: #333333;\">&#8211; Sucha Beskidzka -dostawa i monta\u017c trybuny zadaszonej na 266 miejsc<\/span><br \/>\n<span style=\"color: #333333;\">&#8211; Kolonka \u2013 dostawa i monta\u017c trybun zewn\u0119trznych na 471 miejsc<\/span><br \/>\n<span style=\"color: #333333;\">&#8211; Krzy\u017can\u00f3w \u2013 dostawa i monta\u017c trybun zewn\u0119trznych<\/span><\/p>\n<h3 style=\"text-align: left;\"><span style=\"color: #333333;\"><em>2015 rok:<\/em><\/span><\/h3>\n<p style=\"text-align: left;\"><span style=\"color: #333333;\">&#8211; Podgorica (Czarnog\u00f3ra) &#8211; dostawa i monta\u017c trybun teleskopowych na 420 miejsc<\/span><br \/>\n<span style=\"color: #333333;\">&#8211; Karczmiska &#8211; dostawa i monta\u017c trybun teleskopowych na 144 miejsca<\/span><br \/>\n<span style=\"color: #333333;\">&#8211; Warszawa \u2013 dostawa i monta\u017c trybun zewn\u0119trznych na 290 miejsc<\/span><br \/>\n<span style=\"color: #333333;\">&#8211; Bratys\u0142awa (S\u0142owacja) \u2013 dostawa i monta\u017c siedzisk stalowych (320 sztuk)<\/span><br \/>\n<span style=\"color: #333333;\">&#8211; Varshets (Bu\u0142garia) \u2013 dostawa siedzisk kube\u0142kowych (725 szt.)<\/span><br \/>\n<span style=\"color: #333333;\">&#8211; Sobienie- Jeziory &#8211; dostawa i monta\u017c trybun zewn\u0119trznych na 200 miejsc<\/span><br \/>\n<span style=\"color: #333333;\">&#8211; Liptovsky Mikulas (S\u0142owacja) &#8211; dostawa i monta\u017c trybuny teleskopowej na 448 miejsc<\/span><\/p>\n","protected":false},"excerpt":{"rendered":"<p>2023 rok: &#8211; Dzier\u017coni\u00f3w &#8211; modernizacja stadionu miejskiego w zakresie monta\u017cu siedzisk (2.354 szt.) &#8211; Cieszyn &#8211; modernizacja stadionu miejskiego w zakresie monta\u017cu trybun zadaszonych 3&#215;246 miejsc, wiat zawodniczych &#8211; Kleszcz\u00f3w &#8211; wykonanie i monta\u017c trybun zadaszonych 2&#215;126 miejsc, wiat zawodniczych &#8211; Kamionka &#8211; wykonanie i monta\u017c trybun zadaszonych 2&#215;201 miejsc, wiat zawodniczych &#8211; Konin&hellip; <br \/> <a class=\"read-more\" href=\"https:\/\/www.avaseats.com\/index.php\/wybrane-realizacje\/\">Dowiedz si\u0119 wi\u0119cej<\/a><\/p>\n","protected":false},"author":1,"featured_media":0,"parent":0,"menu_order":0,"comment_status":"closed","ping_status":"closed","template":"","meta":{"ngg_post_thumbnail":0,"footnotes":""},"class_list":["post-654","page","type-page","status-publish","hentry"],"_links":{"self":[{"href":"https:\/\/www.avaseats.com\/index.php\/wp-json\/wp\/v2\/pages\/654","targetHints":{"allow":["GET"]}}],"collection":[{"href":"https:\/\/www.avaseats.com\/index.php\/wp-json\/wp\/v2\/pages"}],"about":[{"href":"https:\/\/www.avaseats.com\/index.php\/wp-json\/wp\/v2\/types\/page"}],"author":[{"embeddable":true,"href":"https:\/\/www.avaseats.com\/index.php\/wp-json\/wp\/v2\/users\/1"}],"replies":[{"embeddable":true,"href":"https:\/\/www.avaseats.com\/index.php\/wp-json\/wp\/v2\/comments?post=654"}],"version-history":[{"count":21,"href":"https:\/\/www.avaseats.com\/index.php\/wp-json\/wp\/v2\/pages\/654\/revisions"}],"predecessor-version":[{"id":1421,"href":"https:\/\/www.avaseats.com\/index.php\/wp-json\/wp\/v2\/pages\/654\/revisions\/1421"}],"wp:attachment":[{"href":"https:\/\/www.avaseats.com\/index.php\/wp-json\/wp\/v2\/media?parent=654"}],"curies":[{"name":"wp","href":"https:\/\/api.w.org\/{rel}","templated":true}]}}