{"id":254,"date":"2017-11-10T14:08:51","date_gmt":"2017-11-10T14:08:51","guid":{"rendered":"http:\/\/tag_link_site_url\/mesmerize\/"},"modified":"2020-06-05T12:51:31","modified_gmt":"2020-06-05T10:51:31","slug":"mesmerize","status":"publish","type":"page","link":"https:\/\/www.avaseats.com\/","title":{"rendered":"Home"},"content":{"rendered":"<div  data-label=\"Content\" data-id=\"content-9\" data-export-id=\"content-9\" data-category=\"content\" class=\"content-9 content-section content-section-spacing content-relative\" id=\"content-16\" style=\"background-color: rgba(255, 255, 255, 0); background-size: cover; background-position: center top;\"><div  class=\"section-separator-top\">\n    <svg  xmlns=\"http:\/\/www.w3.org\/2000\/svg\" viewBox=\"0 0 2600 131.1\" preserveAspectRatio=\"none\" data-separator-name=\"opacity-tilt\" class=\"section-separator-top\">\n\t<path  class=\"svg-white-bg\" d=\"M0 0L2600 0 2600 69.1 0 0z\"><\/path>\n\t<path  class=\"svg-white-bg\" style=\"opacity: 0.5;\" d=\"M0 0L2600 0 2600 69.1 0 69.1z\"><\/path>\n\t<path  class=\"svg-white-bg\" style=\"opacity: 0.25;\" d=\"M2600 0L0 0 0 130.1 2600 69.1z\"><\/path>\n<\/svg>\n<\/div>\n    <div  class=\"gridContainer\">\n        <div  class=\"row text-center\">\n            <div  class=\"section-title-col\" data-type=\"column\">\n                <h2  class=\"\">Informacje o nas<\/h2>\n                <p  class=\"lead\" style=\"text-align: justify;\"><span  style=\"color: rgb(142, 157, 174); font-weight: 400; font-style: italic;\"><span  style=\"color: rgb(0, 0, 0);\">&nbsp; &nbsp; Swoj\u0105 dzia\u0142alno\u015b\u0107 rozpocz\u0119li\u015bmy w 2008 roku. Posiadamy du\u017ce do\u015bwiadczenie w realizacji obiekt\u00f3w u\u017cyteczno\u015bci publicznej. W\u015br\u00f3d naszych realizacji znajduj\u0105 si\u0119: wyposa\u017cenia sal audytoryjnych i kinowych, wyposa\u017cenia stadion\u00f3w, hal i boisk sportowych . Na dzie\u0144 dzisiejszy \u0142\u0105czymy du\u017c\u0105 wiedz\u0119 techniczn\u0105 z do\u015bwiadczeniem. Rozwijamy si\u0119 dynamicznie i z roku na rok poszerzamy nasz\u0105 ofert\u0119. Posiadamy niezb\u0119dne atesty i certyfikaty wymagane prawem .<\/span> \n                <\/span><\/p>\n\n            <\/div>\n        <\/div>\n        <div  class=\"row space-bottom text-center\" data-type=\"row\">\n            \n            \n            <div  class=\"col-sm-4 col-padding-small\">\n\n                <a data-cp-link=\"1\" href=\"http:\/\/avaseats.com\/index.php\/nasze-produkty\" class=\"\" target=\"_self\" rel=\"noopener noreferrer\"><i  class=\"fa icon fa-cubes reverse round large color1\"> <\/i><\/a>\n                <h4  class=\"\"><a data-mce-href=\"index.php\/nasze-produkty\" href=\"http:\/\/avaseats.com\/index.php\/nasze-produkty\" target=\"_self\" data-mce-selected=\"inline-boundary\" data-cp-link=\"1\" rel=\"noopener noreferrer\" class=\"\">\ufeffNasze produkty<\/a><span  id=\"_mce_caret\" data-mce-bogus=\"1\" data-mce-type=\"format-caret\"><span  style=\"text-decoration: underline;\">\ufeff<\/span><\/span><\/h4>\n                \n\n            <\/div><div  class=\"col-sm-4 col-padding-small\">\n\n                <a data-cp-link=\"1\" href=\"http:\/\/avaseats.com\/index.php\/wybrane-realizacje\" class=\"\" target=\"_self\" rel=\"noopener noreferrer\"><i  class=\"fa icon fa-institution reverse round large color1\"> <\/i><\/a>\n                <h4  class=\"\"><a data-mce-href=\"index.php\/wybrane-realizacje\/\" href=\"http:\/\/avaseats.com\/index.php\/wybrane-realizacje\" target=\"_self\" data-mce-selected=\"inline-boundary\" data-cp-link=\"1\" rel=\"noopener noreferrer\" class=\"\">Wybrane realizacje<\/a><\/h4>\n                \n\n            <\/div><div  class=\"col-sm-4 col-padding-small\">\n\n                <a data-cp-link=\"1\" href=\"http:\/\/avaseats.com\/index.php\/galeria\" class=\"\" target=\"_self\" rel=\"noopener noreferrer\"><i  class=\"fa icon fa-photo reverse round large color1\"> <\/i><\/a>\n                <h4  class=\"\"><a data-mce-href=\"index.php\/galeria\/\" href=\"http:\/\/avaseats.com\/index.php\/galeria\" target=\"_self\" data-mce-selected=\"inline-boundary\" data-cp-link=\"1\" rel=\"noopener noreferrer\" class=\"\">Galeria<\/a><\/h4>\n                \n\n            <\/div>\n        <\/div>\n        <div  class=\"row center-xs middle-xs\">\n            <div  class=\"col-sm-12\" data-type=\"column\">\n                <a  data-cp-link=\"1\" href=\"#\" class=\"\"><img decoding=\"async\"  class=\"\" src=\"http:\/\/avaseats.com\/wordpress\/wp-content\/uploads\/2019\/05\/cropped-logo-5.png\" alt=\"\" title=\"cropped-logo-5.png\"><\/a>\n            <\/div>\n        <\/div>\n    <\/div>\n<\/div><div  data-label=\"Cta\" data-id=\"cta-centered-section-grid\" data-export-id=\"cta-centered-section-grid\" data-category=\"cta\" class=\"cta-centered-section-grid content-section content-section-spacing-medium bg-color1 content-relative white-text\" id=\"cta-2\" style=\"background-size: cover; background-position: center top; background-image: none; background-color: rgb(255, 255, 255);\" data-section-ov=\"1\"><div  class=\"section-separator-top\">\n    <svg  class=\"section-separator-top\" data-separator-name=\"triangle-asymmetrical-negative\" preserveAspectRatio=\"none\" viewBox=\"0 0 1000 100\" xmlns=\"http:\/\/www.w3.org\/2000\/svg\">\n        <path  class=\"svg-white-bg\" d=\"M737.9,94.7L0,0v100h1000V0L737.9,94.7z\"><\/path>\n    <\/svg>\n<\/div>\n    <div  class=\"gridContainer\"><div  data-section-title-area=\"true\" class=\"row text-center\">   <div  class=\"section-title-col\" data-type=\"column\">       <h2  class=\"\">AVA SEATS Sp. z o.o.<\/h2>       <p  class=\"lead\">Tw\u00f3j sprawdzony partner w biznesie<\/p>   <\/div><\/div>\n        <div  class=\"row text-center\">\n            <div  class=\"col-xs-12 col-sm-10 col-sm-offset-1 col-md-8 col-md-offset-2\" data-type=\"column\">\n                \n                \n                \n\n            <\/div>\n        <\/div>\n    <\/div>\n<\/div>","protected":false},"excerpt":{"rendered":"<p>Informacje o nas &nbsp; &nbsp; Swoj\u0105 dzia\u0142alno\u015b\u0107 rozpocz\u0119li\u015bmy w 2008 roku. Posiadamy du\u017ce do\u015bwiadczenie w realizacji obiekt\u00f3w u\u017cyteczno\u015bci publicznej. W\u015br\u00f3d naszych realizacji znajduj\u0105 si\u0119: wyposa\u017cenia sal audytoryjnych i kinowych, wyposa\u017cenia stadion\u00f3w, hal i boisk sportowych . Na dzie\u0144 dzisiejszy \u0142\u0105czymy du\u017c\u0105 wiedz\u0119 techniczn\u0105 z do\u015bwiadczeniem. Rozwijamy si\u0119 dynamicznie i z roku na rok poszerzamy nasz\u0105&hellip; <br \/> <a class=\"read-more\" href=\"https:\/\/www.avaseats.com\/\">Dowiedz si\u0119 wi\u0119cej<\/a><\/p>\n","protected":false},"author":1,"featured_media":0,"parent":0,"menu_order":0,"comment_status":"closed","ping_status":"closed","template":"page-templates\/homepage.php","meta":{"ngg_post_thumbnail":0,"footnotes":""},"class_list":["post-254","page","type-page","status-publish","hentry"],"_links":{"self":[{"href":"https:\/\/www.avaseats.com\/index.php\/wp-json\/wp\/v2\/pages\/254","targetHints":{"allow":["GET"]}}],"collection":[{"href":"https:\/\/www.avaseats.com\/index.php\/wp-json\/wp\/v2\/pages"}],"about":[{"href":"https:\/\/www.avaseats.com\/index.php\/wp-json\/wp\/v2\/types\/page"}],"author":[{"embeddable":true,"href":"https:\/\/www.avaseats.com\/index.php\/wp-json\/wp\/v2\/users\/1"}],"replies":[{"embeddable":true,"href":"https:\/\/www.avaseats.com\/index.php\/wp-json\/wp\/v2\/comments?post=254"}],"version-history":[{"count":30,"href":"https:\/\/www.avaseats.com\/index.php\/wp-json\/wp\/v2\/pages\/254\/revisions"}],"predecessor-version":[{"id":1034,"href":"https:\/\/www.avaseats.com\/index.php\/wp-json\/wp\/v2\/pages\/254\/revisions\/1034"}],"wp:attachment":[{"href":"https:\/\/www.avaseats.com\/index.php\/wp-json\/wp\/v2\/media?parent=254"}],"curies":[{"name":"wp","href":"https:\/\/api.w.org\/{rel}","templated":true}]}}